.
9
Let z = 19 + -7. Let c be (-2 + 7)/(2/z). Calculate the highest common divisor of c and 15.
15
Let u(r) = -r**3 - 9*r**2 - 11*r - 11. Let z be u(-8). Let v be (74/(-4) - 1)*-2. What is the greatest common factor of v and z?
13
Suppose 5*w = -4*c - c + 180, -c + 39 = 4*w. Let t = c + -18. What is the highest common factor of 68 and t?
17
Let r be -1*(0 + 0)*-1. Suppose -t + 6 + 8 = r. Suppose 0 = -5*h + s - 6*s - 15, 0 = 2*h - 2*s - t. Calculate the highest common divisor of h and 4.
2
Suppose -2*c - 3*k + 4*k = -120, -3*c - 4*k + 202 = 0. Calculate the greatest common divisor of 155 and c.
31
Suppose 2*k + 3*k = 10. Let b be (-84)/(-49)*21/k. Calculate the greatest common divisor of b and 72.
18
Suppose 2*q - 5*d + d - 60 = 0, 4*d = q - 30. Calculate the greatest common factor of 10 and q.
10
Let c = 32 - 21. Let q(t) = 4*t - 13. Let v be q(c). What is the greatest common factor of v and 124?
31
Let g be 3 + (2 - (-2)/(-2)). Suppose -g*l = -5*s + 11, 4*s = s - l + 10. Suppose -31 = -4*m + 5. Calculate the greatest common divisor of m and s.
3
Let u(o) = o**3 + 6*o**2 + 13. Let b be u(-6). Calculate the greatest common factor of 39 and b.
13
Let q be (1 + (-40)/(-6))/(3/9). What is the highest common factor of q and 253?
23
Suppose 0 = 2*g - 4*a - 320, 3*g = a - 9 + 479. Let d = g + -76. What is the greatest common divisor of 32 and d?
16
Suppose -2*q + q + 1 = 0, -10 = -2*n - 4*q. Let p be -42*1/(0 - n). Let j be 1/(-3) + 926/6. Calculate the greatest common factor of j and p.
14
Let l be -2 + (0 + 2 - -1). Let j = l - 1. Let t be 6/(j - -3) - -2. What is the greatest common divisor of t and 36?
4
Suppose -o = -4*z + 1 + 10, -2*o = -z + 1. Suppose 0 = -2*u + 5*g - 8, 2*u = 5*u - 5*g + 7. What is the greatest common factor of u and o?
1
Suppose q = 4*q. Let p(m) = m + 11. Let z be p(q). Suppose 0 = 5*n - 5. Calculate the greatest common factor of z and n.
1
Let n be (-9)/(-6) - (-567)/14. Let m = 22 - 15. Calculate the greatest common factor of m and n.
7
Let c(g) = 2*g**2 - 15*g + 32. Let q be c(8). Calculate the greatest common factor of 5 and q.
5
Let h = -160 + 240. Let m be 8/(-20) - (-306)/15. Suppose p + 8 = 5*p, -z - 5*p + m = 0. Calculate the highest common divisor of z and h.
10
Let v = 127 + -55. Calculate the greatest common factor of 54 and v.
18
Let y(h) = -h**2 + 10*h + 9. Let g be y(7). What is the highest common divisor of 45 and g?
15
Let u(t) = -t**3 + 8*t**2 - 5*t + 8. Let i be u(7). Calculate the highest common factor of i and 22.
22
Suppose 5*i = 7*i - 10. Suppose 1 = -2*a + 11. What is the greatest common factor of a and i?
5
Let x = 202 + -102. What is the highest common factor of x and 20?
20
Let b be (4/(-6))/(8/(-444)). Let q = 43 + b. Calculate the highest common divisor of q and 10.
10
Suppose 0 = b - 55 - 5. What is the greatest common factor of 24 and b?
12
Suppose 6*r + 430 = 10*r + 2*p, r - 2*p - 110 = 0. Calculate the greatest common factor of r and 24.
12
Let p = -41 + 48. Calculate the highest common factor of 14 and p.
7
Let w(m) = -m**2 + 6*m + 6. Let a be w(5). Calculate the greatest common divisor of a and 33.
11
Suppose 8*k = 3*k. Let o(p) = p**3 + 13. Let q be o(k). Suppose 4*n - 30 - 22 = 0. What is the highest common divisor of n and q?
13
Let z be 25 - (2 - 3 - -2). Calculate the greatest common divisor of z and 3.
3
Let g be 1/4 + (-75)/(-20). Suppose 4*c - 5*a - 39 = 0, -4*a = -3*c + a + 23. Let o = c + -8. What is the highest common factor of g and o?
4
Let d(c) = -c**3 - 2*c**2 + 5*c - 5. Let r be d(-5). What is the greatest common factor of 5 and r?
5
Let u(g) = 9*g - 6. Let k be u(-8). Let l be 1/(-5) + k/(-15). What is the greatest common factor of 45 and l?
5
Let s = -7 - -7. Suppose 0 = -v - s*v + 2*w + 15, -v + 15 = -3*w. Calculate the highest common divisor of v and 165.
15
Let z = 8 + 0. Let j = 10 + -18. Let i be (-16)/j - (-62)/1. What is the highest common factor of i and z?
8
Suppose 5*q - 41 = -3*d, -2*d + 3*q = q - 6. Let n = d + -4. Calculate the highest common divisor of n and 21.
3
Suppose 3*q - 9 - 15 = 0. Suppose 0*l + q = 2*l. Let s(w) = 10*w - 6. Let b be s(5). Calculate the highest common divisor of b and l.
4
Suppose -68 = -3*q + 28. What is the highest common divisor of q and 4?
4
Let w be -3 + 0 + (42 - 2). Suppose -8 = -k - 25. Let o = w + k. Calculate the highest common factor of o and 10.
10
Let j be (12/(-36))/(2/(-30)). Let f(x) = 2*x**2 - 4*x. Let v be f(j). What is the highest common divisor of 45 and v?
15
Suppose -2*m = -3*p + 3*m - 25, 56 = -4*p + m. Let x be (-12)/p*(-30)/(-4). Calculate the greatest common factor of x and 18.
6
Let d = 1 + -1. Suppose d*z - 3*z = 0. Suppose z*q = -q + 1. Calculate the highest common divisor of q and 2.
1
Let o(t) = t**3 - t**2 - t - 7. Let j be o(3). Suppose 64 = 2*b + b + 4*g, 0 = -4*b - g + 81. Calculate the highest common divisor of j and b.
4
Let m = 6 + -6. Suppose m = 3*h + 2*h - 100. What is the highest common divisor of h and 8?
4
Let n(a) = -2*a + 125. Let k be n(0). Let o be (-2 + 5)/(3/25). What is the greatest common divisor of k and o?
25
Suppose -j = -2*y + 9, 4*y = 3*y - j + 6. Suppose -2*w = -11 - y. Let t = 9 + 7. Calculate the greatest common divisor of t and w.
8
Suppose 0 = -4*u + 3*x + 28, 4*u + 3*x = -x + 56. Let h be 844/u - (-8)/(-20). What is the greatest common divisor of h and 12?
12
Suppose 3*q + 5*v = 154, 0*v = 5*q - 5*v - 230. What is the greatest common divisor of q and 12?
12
Suppose v = -3, 0*v - 2*v = 2*f - 2. Suppose 0 = f*b, -4*b - 24 = -3*p - 0*b. Calculate the highest common divisor of 12 and p.
4
Let q(p) be the second derivative of -p**4/12 + 5*p**3/3 - 3*p**2/2 + 2*p. Let k be q(8). Calculate the greatest common divisor of k and 143.
13
Suppose -2*l + 2*h - 6*h = -20, -4*l + 5*h = -79. Calculate the highest common divisor of 64 and l.
16
Suppose -120 + 288 = 8*u. What is the highest common factor of u and 105?
21
Suppose -5*f + 94 = 9. Let u be -2*(3 - f - 1). Calculate the highest common divisor of 6 and u.
6
Let o be 10/(-45) + -5*404/(-18). What is the greatest common divisor of 16 and o?
16
Let k be (1/(-2))/((-4)/16). Let l = -2 - -9. Let f be k/l - 131/(-7). What is the highest common divisor of 57 and f?
19
Let j(z) = -z**3 - 11*z**2 + 7. Let m be j(-11). Calculate the highest common factor of 14 and m.
7
Suppose -2*y = -l - 2*l - 227, 5*l = -5*y + 630. Suppose -27 = -2*j - 5*m, j - m - 13 = -3. What is the highest common factor of j and y?
11
Let r = -67 + 121. Calculate the greatest common factor of r and 27.
27
Suppose 8 = 2*r, r + 321 = 5*p - 0*r. Calculate the highest common factor of 13 and p.
13
Suppose -o - 6 = -0*o. Let l be 5 + o - -1*2. What is the greatest common divisor of 2 and l?
1
Let u(x) = 3*x + 18. Let t be u(-12). Let z be 2/12 - 69/t. What is the highest common divisor of 4 and z?
4
Let m be 2 - (9/(-3) + -3). Calculate the greatest common factor of 4 and m.
4
Let u = 16 - 9. Let n = 23 - u. What is the highest common divisor of 128 and n?
16
Let c = 29 + -28. What is the greatest common factor of 11 and c?
1
Let w = 18 + -10. Suppose 0*z - 2*z - 20 = 0. Let m be w/(-5)*z/4. What is the highest common divisor of m and 44?
4
Let o = 6 - 4. Let s be (-38)/(-6) - o/6. Suppose 5*h = 2*n - 0*n + s, 2*n + 2*h = 8. What is the greatest common divisor of n and 16?
2
Suppose 0 = 4*b - 126 - 6. What is the greatest common divisor of 3 and b?
3
Let x be (-1)/(-3) + (-128)/(-12). Let f(n) = -16*n + 8. Let d be f(-5). What is the greatest common factor of d and x?
11
Let m(n) = 2*n**2 + n - 1. Let l be m(-2). What is the greatest common divisor of l and 15?
5
Let i be 20/8*8/5. Let q = 13 - 7. Suppose i*v + 9 = b, b - 3 = -v + q. Calculate the highest common divisor of 18 and b.
9
Let r(i) = 3*i - 1. Let k be r(6). Suppose 5 = -5*p - 0. Let x be (p + 0)/(1/(-187)). Calculate the highest common divisor of k and x.
17
Let m be (-3682)/(-77) - (-4)/22. Calculate the highest common factor of 6 and m.
6
Suppose 3 = -r, -39 = -4*h - 5*r + 14. Suppose 5*c - 92 + h = -o, -5*o = -25. What is the greatest common divisor of 56 and c?
14
Let r(y) = 455*y**2 + 2*y - 1. Let n be r(1). Suppose -2*m = 126 - n. What is the greatest common factor of 15 and m?
15
Let t(l) = -5*l**